{"id":10,"date":"2019-07-30T14:12:53","date_gmt":"2019-07-30T14:12:53","guid":{"rendered":"https:\/\/www.yoga-sigriswil.ch\/?page_id=10"},"modified":"2025-09-06T14:53:00","modified_gmt":"2025-09-06T14:53:00","slug":"home","status":"publish","type":"page","link":"https:\/\/www.yoga-sigriswil.ch\/","title":{"rendered":"Home"},"content":{"rendered":"\t\t<div data-elementor-type=\"wp-page\" data-elementor-id=\"10\" class=\"elementor elementor-10\">\n\t\t\t\t\t\t<section class=\"elementor-section elementor-top-section elementor-element elementor-element-fcacd0f elementor-section-boxed elementor-section-height-default elementor-section-height-default\" data-id=\"fcacd0f\" data-element_type=\"section\" data-e-type=\"section\">\n\t\t\t\t\t\t<div class=\"elementor-container elementor-column-gap-default\">\n\t\t\t\t\t<div class=\"elementor-column elementor-col-50 elementor-top-column elementor-element elementor-element-1f1fc32\" data-id=\"1f1fc32\" data-element_type=\"column\" data-e-type=\"column\">\n\t\t\t<div class=\"elementor-widget-wrap elementor-element-populated\">\n\t\t\t\t\t\t<div class=\"elementor-element elementor-element-7744400 elementor-widget elementor-widget-image\" data-id=\"7744400\" data-element_type=\"widget\" data-e-type=\"widget\" data-widget_type=\"image.default\">\n\t\t\t\t<div class=\"elementor-widget-container\">\n\t\t\t\t\t\t\t\t\t\t\t\t\t\t\t<img fetchpriority=\"high\" decoding=\"async\" width=\"1024\" height=\"1024\" src=\"https:\/\/www.yoga-sigriswil.ch\/wp-content\/uploads\/2019\/07\/Martine_IMG_0876-1024x1024.jpg\" class=\"attachment-large size-large wp-image-132\" alt=\"Martine Blaser-Monnard\" srcset=\"https:\/\/www.yoga-sigriswil.ch\/wp-content\/uploads\/2019\/07\/Martine_IMG_0876-1024x1024.jpg 1024w, https:\/\/www.yoga-sigriswil.ch\/wp-content\/uploads\/2019\/07\/Martine_IMG_0876-150x150.jpg 150w, https:\/\/www.yoga-sigriswil.ch\/wp-content\/uploads\/2019\/07\/Martine_IMG_0876-300x300.jpg 300w, https:\/\/www.yoga-sigriswil.ch\/wp-content\/uploads\/2019\/07\/Martine_IMG_0876-768x767.jpg 768w, https:\/\/www.yoga-sigriswil.ch\/wp-content\/uploads\/2019\/07\/Martine_IMG_0876.jpg 1190w\" sizes=\"(max-width: 1024px) 100vw, 1024px\" \/>\t\t\t\t\t\t\t\t\t\t\t\t\t\t\t<\/div>\n\t\t\t\t<\/div>\n\t\t\t\t\t<\/div>\n\t\t<\/div>\n\t\t\t\t<div class=\"elementor-column elementor-col-50 elementor-top-column elementor-element elementor-element-2f47660\" data-id=\"2f47660\" data-element_type=\"column\" data-e-type=\"column\">\n\t\t\t<div class=\"elementor-widget-wrap elementor-element-populated\">\n\t\t\t\t\t\t<div class=\"elementor-element elementor-element-c1973ff elementor-widget elementor-widget-text-editor\" data-id=\"c1973ff\" data-element_type=\"widget\" data-e-type=\"widget\" data-widget_type=\"text-editor.default\">\n\t\t\t\t<div class=\"elementor-widget-container\">\n\t\t\t\t\t\t\t\t\t<div class=\"builder-text-row\"><div id=\"builder-section-text_52-column-2\" class=\"builder-text-column builder-text-column-4\"><div class=\"builder-text-content\"><h3>Ressourcen erkennen, bewusst machen, entwickeln und nutzen!<\/h3><p>F\u00e4higkeiten, Fertigkeiten, Kenntnisse, Geschicke, Wissen, Erfahrungen, Talente, Neigungen, Fachkompetenz, soziale Kompetenz, emotionale Kompetenz und St\u00e4rken jeglicher Art sind Ressourcen. Jeder Mensch verf\u00fcgt \u00fcber eine F\u00fclle an k\u00f6rperlichen, mentalen und geistigen Ressourcen. Im Alltag wird oft nur ein kleiner Teil davon genutzt.<\/p><p><strong>Martine Blaser-Monnard<\/strong> bietet jeweils am Dienstagnachmittag und -abend Lektionen mit Yoga PLUS im Gesundheitszentrum Sigriswil an.\u00a0Bei all ihren Angeboten\u00a0besteht das Ziel darin, die k\u00f6rperlichen, seelischen und mentalen Ressourcen der Yoga\u00fcbenden, der Klientinnen und Klienten zu erkennen und m\u00f6glichst optimal zu nutzen.<\/p><\/div><\/div><\/div><div class=\"builder-text-row\"><div id=\"builder-section-text_52-column-1\" class=\"builder-text-column builder-text-column-5\"><div class=\"builder-text-content\"><p>Achte auf Deine Gedanken, denn sie werden Worte.<br \/>Achte auf Deine Worte, denn sie werden Handlungen.<br \/>Achte auf Deine Handlungen, denn sie werden Gewohnheiten.<br \/>Achte auf Deine Gewohnheiten, denn sie werden Dein Charakter.<br \/>Achte auf Deinen Charakter, denn er wird dein Schicksal.<\/p><p><span style=\"font-size: 10px; font-style: italic; line-height: 12px;\">Talmud, \u00bbLehre\u00ab, Sammlung der Gesetze und religi\u00f6sen \u00dcberlieferungen des Judentums<br \/>nach der Babylonischen Gefangenschaft<\/span><\/p><\/div><\/div><\/div>\t\t\t\t\t\t\t\t<\/div>\n\t\t\t\t<\/div>\n\t\t\t\t\t<\/div>\n\t\t<\/div>\n\t\t\t\t\t<\/div>\n\t\t<\/section>\n\t\t\t\t<section class=\"elementor-section elementor-top-section elementor-element elementor-element-1e3a78b7 elementor-section-boxed elementor-section-height-default elementor-section-height-default\" data-id=\"1e3a78b7\" data-element_type=\"section\" data-e-type=\"section\">\n\t\t\t\t\t\t<div class=\"elementor-container elementor-column-gap-default\">\n\t\t\t\t\t<div class=\"elementor-column elementor-col-100 elementor-top-column elementor-element elementor-element-2ca5882\" data-id=\"2ca5882\" data-element_type=\"column\" data-e-type=\"column\">\n\t\t\t<div class=\"elementor-widget-wrap elementor-element-populated\">\n\t\t\t\t\t\t<div class=\"elementor-element elementor-element-3145165d elementor-widget elementor-widget-text-editor\" data-id=\"3145165d\" data-element_type=\"widget\" data-e-type=\"widget\" data-widget_type=\"text-editor.default\">\n\t\t\t\t<div class=\"elementor-widget-container\">\n\t\t\t\t\t\t\t\t\t<section id=\"builder-section-text_52\" class=\"builder-section-first builder-section builder-section-text builder-section-last builder-text-columns-2\" style=\"background-size: cover; background-repeat: no-repeat; background-position: center center;\"><div class=\"builder-section-content\"><div class=\"builder-text-row\"><h2 id=\"builder-section-text_52-column-1\" class=\"builder-text-column builder-text-column-1\">Yoga PLUS in Sigriswil<\/h2><div class=\"builder-text-column builder-text-column-1\"><hr class=\"the7-p-gap\" style=\"padding-bottom: 20px;\" \/>In der heutigen, meist hecktischen Zeit werden hohe Anforderungen an uns gestellt. Zeit- und Arbeitsdruck f\u00fchren oft zu Stress-Symptomen, Spannungen, Verspannungen und\u00a0Ersch\u00f6pfungszust\u00e4nden. Yoga PLUS\u00a0bedeutet Aufbruch zu einem wachen Bewusstsein. Es tr\u00e4g viel dazu bei,\u00a0die Balance im t\u00e4glichen Leben neu zu erfahren und\u00a0wahrzunehmen.<\/div><\/div><\/div><\/section><hr class=\"the7-p-gap\" style=\"padding-bottom: 10px;\" \/><h3>Entspannung<\/h3><p>Die Balance von Anspannung und Entspannung bildet einen wichtigen Aspekt des Lebens. Es ist absolut nat\u00fcrlich, wenn wir w\u00e4hrend des Tages manchmal angespannt oder \u00e4rgerlich sind. Problematisch wird es, wenn gewisse K\u00f6rperteile wie Nacken oder R\u00fccken dauerhaft angespannt sind. Diese Verspannungen rauben dem K\u00f6rper viel Energie und blockieren den Fluss der Lebensenergie. Im Yoga PLUS lernen wir, uns tief zu entspannen. So k\u00f6nnen sich K\u00f6rper und Geist schnell erholen. Die Tiefenentspannung ist w\u00e4hrend einer Yogastunde genauso wichtig, wie Atem- und K\u00f6rper\u00fcbungen. Sie l\u00f6st den Entspannungsimpuls im K\u00f6rper aus. Stresshormone werden abgebaut und Gl\u00fcckshormone ausgesch\u00fcttet. Der Kreislauf kommt zur Ruhe, gleichzeitig wird das Immunsystem angeregt. Mentale Spannungen werden abgebaut, was zu Ruhe und Ausgeglichenheit f\u00fchrt. Das Gute daran: Die Yoga Tiefenentspannung ist ganz leicht zu erlernen und auszuf\u00fchren.<\/p><hr class=\"the7-p-gap\" style=\"padding-bottom: 10px;\" \/><h3>St\u00e4rkung<\/h3><p>Einen wesentlichen Bestandteil des Yoga bilden die K\u00f6rper\u00fcbungen, die Asana. Es gibt Asanas f\u00fcr s\u00e4mtliche K\u00f6rperregionen und Muskelgruppen. Die \u00dcbungen werden langsam und mit Achtsamkeit ausgef\u00fchrt. Die wohltuende Wirkung der k\u00f6rperlichen Bet\u00e4tigung wird durch eine bewusste Atemf\u00fchrung st\u00e4rkt gef\u00f6rdert. Insgesamt wird dem Atem beim Yoga viel Bedeutung beigemessen. Diese Kombination von Bewegung in Verbindung mit bewusster und tiefer Atmung hilft Kraft zu tanken, seinen K\u00f6rper und Geist intensiv wahrzunehmen und sich selbst Gutes zu tun.<\/p><hr class=\"the7-p-gap\" style=\"padding-bottom: 10px;\" \/><h3>Selbsterfahrung<\/h3><p>Psychologische- und philosophische Themen und Fragestellungen pr\u00e4gen den Aufbau des Unterrichts. Das f\u00fchrt zu einer Auseinandersetzung mit den Lebensgrundfragen: <strong>Wo komme ich her, \u2013 wo gehe ich hin, \u2013 was ist meine Aufgabe?<\/strong><\/p><div class=\"vc_row wpb_row vc_row-fluid\"><div class=\"wpb_column vc_column_container vc_col-sm-12\"><div class=\"vc_column-inner\"><div class=\"wpb_wrapper\"><div class=\"wpb_text_column wpb_content_element \"><div class=\"wpb_wrapper\"><p><strong>Yoga PLUS<\/strong> bedeutet f\u00fcr mich als Yogalehrerin Menschen jeden Alters mit oder ohne Yogaerfahrung hin zu Entspannung, St\u00e4rkung und Selbsterfahrung zu begleiten und zu f\u00fchren.<\/p><p>Die innere Bereitschaft, die Offenheit, mit sich und an sich selbst zu arbeiten sind dabei wichtig. Jeder Mensch steht im Leben mit seinen k\u00f6rperlichen M\u00f6glichkeiten, seiner psychischen Verfassung und seiner mentalen Entwicklung an einem andern Ort. Ist man im Yoga PLUS ganz im Kontakt mit sich selbst, zeigt uns der eigene K\u00f6rper, wie sich die \u00dcbungen optimal ausf\u00fchren lassen. Bewegungsabl\u00e4ufe und Atmung beginnen frei zu fliessen, Spannungen werden gel\u00f6st, Kraft und Energie werden aufgebaut. Es ist mir ein besonderes Anliegen, Menschen mental in einen Zustand der Bereitschaft zur Begegnung mit sich selbst zu f\u00fchren. Ist der Mensch f\u00e4hig, sich selbst zu sp\u00fcren, sich wahrzunehmen, sich ernst zu nehmen und sich selbst das zu geben was er braucht, ist er auch f\u00e4hig, andere wahrzunehmen.<\/p><\/div><\/div><\/div><\/div><\/div><\/div><div class=\"vc_row wpb_row vc_row-fluid\"><div class=\"wpb_column vc_column_container vc_col-sm-12\"><div class=\"vc_column-inner\"><div class=\"wpb_wrapper\"><div class=\"wpb_text_column wpb_content_element \"><div class=\"wpb_wrapper\"><hr class=\"the7-p-gap\" style=\"padding-bottom: 30px;\" \/><h3>Meine Arbeitsweise mit\u00a0Yoga PLUS<\/h3><p>Meine K\u00f6rper\u00fcbungen sind einfach. Ich arbeite mit viel Geduld, Sorgfalt und Hingabe. Das Wohlbefinden des einzelnen Menschen liegt mir am Herzen. Es ist mir ein Anliegen, im\u00a0Yoga PLUS\u00a0auf jeden Menschen einzugehen, ihn dort abzuholen wo er steht. Mir ist nicht die k\u00f6rperlich perfekt ausgef\u00fchrte K\u00f6rper\u00fcbung wichtig, sondern dass der Mensch in Kontakt mit sich selbst ist und sp\u00fcrt, wie eine bestimmte Asana auszuf\u00fchren ist. Er sp\u00fcrt, was ihm pers\u00f6nlich gut tut.<\/p><\/div><\/div><\/div><\/div><\/div><\/div>\t\t\t\t\t\t\t\t<\/div>\n\t\t\t\t<\/div>\n\t\t\t\t\t<\/div>\n\t\t<\/div>\n\t\t\t\t\t<\/div>\n\t\t<\/section>\n\t\t\t\t<\/div>\n\t\t","protected":false},"excerpt":{"rendered":"<p>Ressourcen erkennen, bewusst machen, entwickeln und nutzen! F\u00e4higkeiten, Fertigkeiten, Kenntnisse, Geschicke, Wissen, Erfahrungen, Talente, Neigungen, Fachkompetenz, soziale Kompetenz, emotionale Kompetenz und St\u00e4rken jeglicher Art sind Ressourcen. Jeder Mensch verf\u00fcgt \u00fcber eine F\u00fclle an k\u00f6rperlichen, mentalen und geistigen Ressourcen. Im Alltag wird oft nur ein kleiner Teil davon genutzt. Martine Blaser-Monnard bietet jeweils am Dienstagnachmittag und&hellip;<\/p>\n","protected":false},"author":2,"featured_media":0,"parent":0,"menu_order":0,"comment_status":"closed","ping_status":"closed","template":"","meta":{"footnotes":""},"class_list":["post-10","page","type-page","status-publish","hentry"],"yoast_head":"<!-- This site is optimized with the Yoast SEO plugin v27.5 - https:\/\/yoast.com\/product\/yoast-seo-wordpress\/ -->\n<title>Home - Yoga PLUS in Sigriswil mit Martine Blaser-Monnard<\/title>\n<meta name=\"robots\" content=\"index, follow, max-snippet:-1, max-image-preview:large, max-video-preview:-1\" \/>\n<link rel=\"canonical\" href=\"https:\/\/www.yoga-sigriswil.ch\/\" \/>\n<meta property=\"og:locale\" content=\"de_DE\" \/>\n<meta property=\"og:type\" content=\"article\" \/>\n<meta property=\"og:title\" content=\"Home - Yoga PLUS in Sigriswil mit Martine Blaser-Monnard\" \/>\n<meta property=\"og:description\" content=\"Ressourcen erkennen, bewusst machen, entwickeln und nutzen! F\u00e4higkeiten, Fertigkeiten, Kenntnisse, Geschicke, Wissen, Erfahrungen, Talente, Neigungen, Fachkompetenz, soziale Kompetenz, emotionale Kompetenz und St\u00e4rken jeglicher Art sind Ressourcen. Jeder Mensch verf\u00fcgt \u00fcber eine F\u00fclle an k\u00f6rperlichen, mentalen und geistigen Ressourcen. Im Alltag wird oft nur ein kleiner Teil davon genutzt. Martine Blaser-Monnard bietet jeweils am Dienstagnachmittag und&hellip;\" \/>\n<meta property=\"og:url\" content=\"https:\/\/www.yoga-sigriswil.ch\/\" \/>\n<meta property=\"og:site_name\" content=\"Yoga PLUS in Sigriswil mit Martine Blaser-Monnard\" \/>\n<meta property=\"article:modified_time\" content=\"2025-09-06T14:53:00+00:00\" \/>\n<meta property=\"og:image\" content=\"https:\/\/www.yoga-sigriswil.ch\/wp-content\/uploads\/2019\/07\/Martine_IMG_0876-1024x1024.jpg\" \/>\n<meta name=\"twitter:card\" content=\"summary_large_image\" \/>\n<meta name=\"twitter:label1\" content=\"Gesch\u00e4tzte Lesezeit\" \/>\n\t<meta name=\"twitter:data1\" content=\"4\u00a0Minuten\" \/>\n<script type=\"application\/ld+json\" class=\"yoast-schema-graph\">{\"@context\":\"https:\\\/\\\/schema.org\",\"@graph\":[{\"@type\":\"WebPage\",\"@id\":\"https:\\\/\\\/www.yoga-sigriswil.ch\\\/\",\"url\":\"https:\\\/\\\/www.yoga-sigriswil.ch\\\/\",\"name\":\"Home - Yoga PLUS in Sigriswil mit Martine Blaser-Monnard\",\"isPartOf\":{\"@id\":\"https:\\\/\\\/www.yoga-sigriswil.ch\\\/#website\"},\"primaryImageOfPage\":{\"@id\":\"https:\\\/\\\/www.yoga-sigriswil.ch\\\/#primaryimage\"},\"image\":{\"@id\":\"https:\\\/\\\/www.yoga-sigriswil.ch\\\/#primaryimage\"},\"thumbnailUrl\":\"https:\\\/\\\/www.yoga-sigriswil.ch\\\/wp-content\\\/uploads\\\/2019\\\/07\\\/Martine_IMG_0876-1024x1024.jpg\",\"datePublished\":\"2019-07-30T14:12:53+00:00\",\"dateModified\":\"2025-09-06T14:53:00+00:00\",\"breadcrumb\":{\"@id\":\"https:\\\/\\\/www.yoga-sigriswil.ch\\\/#breadcrumb\"},\"inLanguage\":\"de\",\"potentialAction\":[{\"@type\":\"ReadAction\",\"target\":[\"https:\\\/\\\/www.yoga-sigriswil.ch\\\/\"]}]},{\"@type\":\"ImageObject\",\"inLanguage\":\"de\",\"@id\":\"https:\\\/\\\/www.yoga-sigriswil.ch\\\/#primaryimage\",\"url\":\"https:\\\/\\\/www.yoga-sigriswil.ch\\\/wp-content\\\/uploads\\\/2019\\\/07\\\/Martine_IMG_0876.jpg\",\"contentUrl\":\"https:\\\/\\\/www.yoga-sigriswil.ch\\\/wp-content\\\/uploads\\\/2019\\\/07\\\/Martine_IMG_0876.jpg\",\"width\":1190,\"height\":1189,\"caption\":\"Martine Blaser-Monnard\"},{\"@type\":\"BreadcrumbList\",\"@id\":\"https:\\\/\\\/www.yoga-sigriswil.ch\\\/#breadcrumb\",\"itemListElement\":[{\"@type\":\"ListItem\",\"position\":1,\"name\":\"Startseite\",\"item\":\"https:\\\/\\\/www.yoga-sigriswil.ch\\\/\"},{\"@type\":\"ListItem\",\"position\":2,\"name\":\"Home\"}]},{\"@type\":\"WebSite\",\"@id\":\"https:\\\/\\\/www.yoga-sigriswil.ch\\\/#website\",\"url\":\"https:\\\/\\\/www.yoga-sigriswil.ch\\\/\",\"name\":\"Yoga PLUS in Sigriswil mit Martine Blaser-Monnard\",\"description\":\"K\u00f6rperarbeit mit Yoga, Entspannung, Atmung, Gedanken zur pers\u00f6nlichen Entfaltung, Potenzial erkennen und nutzen\",\"potentialAction\":[{\"@type\":\"SearchAction\",\"target\":{\"@type\":\"EntryPoint\",\"urlTemplate\":\"https:\\\/\\\/www.yoga-sigriswil.ch\\\/?s={search_term_string}\"},\"query-input\":{\"@type\":\"PropertyValueSpecification\",\"valueRequired\":true,\"valueName\":\"search_term_string\"}}],\"inLanguage\":\"de\"}]}<\/script>\n<!-- \/ Yoast SEO plugin. -->","yoast_head_json":{"title":"Home - Yoga PLUS in Sigriswil mit Martine Blaser-Monnard","robots":{"index":"index","follow":"follow","max-snippet":"max-snippet:-1","max-image-preview":"max-image-preview:large","max-video-preview":"max-video-preview:-1"},"canonical":"https:\/\/www.yoga-sigriswil.ch\/","og_locale":"de_DE","og_type":"article","og_title":"Home - Yoga PLUS in Sigriswil mit Martine Blaser-Monnard","og_description":"Ressourcen erkennen, bewusst machen, entwickeln und nutzen! F\u00e4higkeiten, Fertigkeiten, Kenntnisse, Geschicke, Wissen, Erfahrungen, Talente, Neigungen, Fachkompetenz, soziale Kompetenz, emotionale Kompetenz und St\u00e4rken jeglicher Art sind Ressourcen. Jeder Mensch verf\u00fcgt \u00fcber eine F\u00fclle an k\u00f6rperlichen, mentalen und geistigen Ressourcen. Im Alltag wird oft nur ein kleiner Teil davon genutzt. Martine Blaser-Monnard bietet jeweils am Dienstagnachmittag und&hellip;","og_url":"https:\/\/www.yoga-sigriswil.ch\/","og_site_name":"Yoga PLUS in Sigriswil mit Martine Blaser-Monnard","article_modified_time":"2025-09-06T14:53:00+00:00","og_image":[{"url":"https:\/\/www.yoga-sigriswil.ch\/wp-content\/uploads\/2019\/07\/Martine_IMG_0876-1024x1024.jpg","type":"","width":"","height":""}],"twitter_card":"summary_large_image","twitter_misc":{"Gesch\u00e4tzte Lesezeit":"4\u00a0Minuten"},"schema":{"@context":"https:\/\/schema.org","@graph":[{"@type":"WebPage","@id":"https:\/\/www.yoga-sigriswil.ch\/","url":"https:\/\/www.yoga-sigriswil.ch\/","name":"Home - Yoga PLUS in Sigriswil mit Martine Blaser-Monnard","isPartOf":{"@id":"https:\/\/www.yoga-sigriswil.ch\/#website"},"primaryImageOfPage":{"@id":"https:\/\/www.yoga-sigriswil.ch\/#primaryimage"},"image":{"@id":"https:\/\/www.yoga-sigriswil.ch\/#primaryimage"},"thumbnailUrl":"https:\/\/www.yoga-sigriswil.ch\/wp-content\/uploads\/2019\/07\/Martine_IMG_0876-1024x1024.jpg","datePublished":"2019-07-30T14:12:53+00:00","dateModified":"2025-09-06T14:53:00+00:00","breadcrumb":{"@id":"https:\/\/www.yoga-sigriswil.ch\/#breadcrumb"},"inLanguage":"de","potentialAction":[{"@type":"ReadAction","target":["https:\/\/www.yoga-sigriswil.ch\/"]}]},{"@type":"ImageObject","inLanguage":"de","@id":"https:\/\/www.yoga-sigriswil.ch\/#primaryimage","url":"https:\/\/www.yoga-sigriswil.ch\/wp-content\/uploads\/2019\/07\/Martine_IMG_0876.jpg","contentUrl":"https:\/\/www.yoga-sigriswil.ch\/wp-content\/uploads\/2019\/07\/Martine_IMG_0876.jpg","width":1190,"height":1189,"caption":"Martine Blaser-Monnard"},{"@type":"BreadcrumbList","@id":"https:\/\/www.yoga-sigriswil.ch\/#breadcrumb","itemListElement":[{"@type":"ListItem","position":1,"name":"Startseite","item":"https:\/\/www.yoga-sigriswil.ch\/"},{"@type":"ListItem","position":2,"name":"Home"}]},{"@type":"WebSite","@id":"https:\/\/www.yoga-sigriswil.ch\/#website","url":"https:\/\/www.yoga-sigriswil.ch\/","name":"Yoga PLUS in Sigriswil mit Martine Blaser-Monnard","description":"K\u00f6rperarbeit mit Yoga, Entspannung, Atmung, Gedanken zur pers\u00f6nlichen Entfaltung, Potenzial erkennen und nutzen","potentialAction":[{"@type":"SearchAction","target":{"@type":"EntryPoint","urlTemplate":"https:\/\/www.yoga-sigriswil.ch\/?s={search_term_string}"},"query-input":{"@type":"PropertyValueSpecification","valueRequired":true,"valueName":"search_term_string"}}],"inLanguage":"de"}]}},"_links":{"self":[{"href":"https:\/\/www.yoga-sigriswil.ch\/index.php\/wp-json\/wp\/v2\/pages\/10","targetHints":{"allow":["GET"]}}],"collection":[{"href":"https:\/\/www.yoga-sigriswil.ch\/index.php\/wp-json\/wp\/v2\/pages"}],"about":[{"href":"https:\/\/www.yoga-sigriswil.ch\/index.php\/wp-json\/wp\/v2\/types\/page"}],"author":[{"embeddable":true,"href":"https:\/\/www.yoga-sigriswil.ch\/index.php\/wp-json\/wp\/v2\/users\/2"}],"replies":[{"embeddable":true,"href":"https:\/\/www.yoga-sigriswil.ch\/index.php\/wp-json\/wp\/v2\/comments?post=10"}],"version-history":[{"count":51,"href":"https:\/\/www.yoga-sigriswil.ch\/index.php\/wp-json\/wp\/v2\/pages\/10\/revisions"}],"predecessor-version":[{"id":430,"href":"https:\/\/www.yoga-sigriswil.ch\/index.php\/wp-json\/wp\/v2\/pages\/10\/revisions\/430"}],"wp:attachment":[{"href":"https:\/\/www.yoga-sigriswil.ch\/index.php\/wp-json\/wp\/v2\/media?parent=10"}],"curies":[{"name":"wp","href":"https:\/\/api.w.org\/{rel}","templated":true}]}}