{"id":101,"date":"2019-07-30T15:40:19","date_gmt":"2019-07-30T15:40:19","guid":{"rendered":"https:\/\/www.yoga-sigriswil.ch\/?page_id=101"},"modified":"2022-09-08T13:49:00","modified_gmt":"2022-09-08T13:49:00","slug":"konditionen","status":"publish","type":"page","link":"https:\/\/www.yoga-sigriswil.ch\/index.php\/konditionen\/","title":{"rendered":"Konditionen"},"content":{"rendered":"\t\t<div data-elementor-type=\"wp-page\" data-elementor-id=\"101\" class=\"elementor elementor-101\">\n\t\t\t\t\t\t<section class=\"elementor-section elementor-top-section elementor-element elementor-element-30f00a99 elementor-section-boxed elementor-section-height-default elementor-section-height-default\" data-id=\"30f00a99\" data-element_type=\"section\" data-e-type=\"section\">\n\t\t\t\t\t\t<div class=\"elementor-container elementor-column-gap-default\">\n\t\t\t\t\t<div class=\"elementor-column elementor-col-100 elementor-top-column elementor-element elementor-element-320d2c7f\" data-id=\"320d2c7f\" data-element_type=\"column\" data-e-type=\"column\">\n\t\t\t<div class=\"elementor-widget-wrap elementor-element-populated\">\n\t\t\t\t\t\t<div class=\"elementor-element elementor-element-52797a31 elementor-widget elementor-widget-text-editor\" data-id=\"52797a31\" data-element_type=\"widget\" data-e-type=\"widget\" data-widget_type=\"text-editor.default\">\n\t\t\t\t<div class=\"elementor-widget-container\">\n\t\t\t\t\t\t\t\t\t<section id=\"builder-section-text_52\" class=\"builder-section-first builder-section builder-section-text builder-section-last builder-text-columns-1\" style=\"background-size: cover; background-repeat: no-repeat; background-position: center center;\"><div class=\"builder-section-content\"><div class=\"builder-text-row\"><div id=\"builder-section-text_52-column-1\" class=\"builder-text-column builder-text-column-1\"><div class=\"builder-text-content\"><h2>Konditionen Yoga PLUS Kurse<\/h2><hr class=\"the7-p-gap\" style=\"padding-bottom: 10px;\" \/><h3>Lektion<\/h3><p>Eine Lektion dauert 75 Minuten.<br \/><br \/>Die Lektionen finden grunds\u00e4tzlich live statt, alternativ auch online Unterricht oder Liveunterricht \u00fcber ZOOM.<\/p><hr class=\"the7-p-gap\" style=\"padding-bottom: 10px;\" \/><h3>Kurskosten<\/h3><p>Die Rechnung erfolgt Schulquartalsweise (Anzahl Lektionen mal Lektionskosten). Pro Lektion werden CHF 25.- verrechnet.<br \/>Der Betrag ist bei Beginn des neuen Quartals einzuzahlen.Die Kursteilnehmer\/in verpflichtet sich finanziell jeweils f\u00fcr ein Quartal.<br \/>Das Abonnement ist pers\u00f6nlich, nicht \u00fcbertragbar an andere Personen.<\/p><hr class=\"the7-p-gap\" style=\"padding-bottom: 10px;\" \/><h3>Ferien<\/h3><p>In der Regel wird w\u00e4hrend der Thuner Schulferien und an gesetzlichen und lokalen Feiertagen nicht unterrichtet.<\/p><hr class=\"the7-p-gap\" style=\"padding-bottom: 10px;\" \/><h3>Absenzen<\/h3><p>Bei Verhinderung der Kursleiterin wird eine Vertretung organisiert oder der Betrag des Ausfalls im n\u00e4chsten Quartal gutgeschrieben.<br \/>Von der Kursteilnehmerin\/dem Kursteilnehmer nicht besuchte Lektionen werden nicht zur\u00fcckerstattet.\u00a0Wenn die M\u00f6glichkeit besteht, kann die Lektion innerhalb des laufenden Quartals vor- oder nachgeholt werden.<br \/>M\u00fcssen wegen Krankheit oder Unfall der Kursnehmerin mehr als zwei Lektionen ausfallen, wird der Betrag ab der dritten Lektion zur\u00fcckerstattet, beziehungsweise gutgeschrieben. Die Absenz muss in der ersten Woche mitgeteilt werden.<\/p><hr class=\"the7-p-gap\" style=\"padding-bottom: 10px;\" \/><h3>Austritt<\/h3><p>Ein Austritt ist bis sp\u00e4testens eine Woche vor Beginn des neuen Quartals mitzuteilen. Erfolgt eine Abmeldung sp\u00e4ter, wird das Kursgeld f\u00fcr das n\u00e4chste Quartal verrechnet.<\/p><hr class=\"the7-p-gap\" style=\"padding-bottom: 10px;\" \/><h3>Eintritt<\/h3><p>Der Eintritt ist jederzeit m\u00f6glich.<\/p><hr class=\"the7-p-gap\" style=\"padding-bottom: 10px;\" \/><h3>Versicherung<\/h3><p>Die Versicherung ist alleinige Sache der Kursteilnehmer\/in. Die Yogaschule lehnt jegliche Haftung ab.<\/p><p>Niederh\u00fcnigen, September 2022<\/p><\/div><\/div><\/div><div class=\"builder-text-row\"><div id=\"builder-section-text_52-column-1\" class=\"builder-text-column builder-text-column-2\"><div class=\"builder-text-content\">\u00a0<\/div><\/div><\/div><div class=\"builder-text-row\"><div id=\"builder-section-text_52-column-1\" class=\"builder-text-column builder-text-column-3\"><div class=\"builder-text-content\">\u00a0<\/div><\/div><\/div><\/div><\/section>\t\t\t\t\t\t\t\t<\/div>\n\t\t\t\t<\/div>\n\t\t\t\t\t<\/div>\n\t\t<\/div>\n\t\t\t\t\t<\/div>\n\t\t<\/section>\n\t\t\t\t<\/div>\n\t\t","protected":false},"excerpt":{"rendered":"<p>Konditionen Yoga PLUS Kurse Lektion Eine Lektion dauert 75 Minuten. Die Lektionen finden grunds\u00e4tzlich live statt, alternativ auch online Unterricht oder Liveunterricht \u00fcber ZOOM. Kurskosten Die Rechnung erfolgt Schulquartalsweise (Anzahl Lektionen mal Lektionskosten). Pro Lektion werden CHF 25.- verrechnet.Der Betrag ist bei Beginn des neuen Quartals einzuzahlen.Die Kursteilnehmer\/in verpflichtet sich finanziell jeweils f\u00fcr ein Quartal.Das&hellip;<\/p>\n","protected":false},"author":2,"featured_media":0,"parent":0,"menu_order":0,"comment_status":"closed","ping_status":"closed","template":"","meta":{"footnotes":""},"class_list":["post-101","page","type-page","status-publish","hentry"],"yoast_head":"<!-- This site is optimized with the Yoast SEO plugin v27.4 - https:\/\/yoast.com\/product\/yoast-seo-wordpress\/ -->\n<title>Konditionen - Yoga PLUS in Sigriswil mit Martine Blaser-Monnard<\/title>\n<meta name=\"robots\" content=\"index, follow, max-snippet:-1, max-image-preview:large, max-video-preview:-1\" \/>\n<link rel=\"canonical\" href=\"https:\/\/www.yoga-sigriswil.ch\/index.php\/konditionen\/\" \/>\n<meta property=\"og:locale\" content=\"de_DE\" \/>\n<meta property=\"og:type\" content=\"article\" \/>\n<meta property=\"og:title\" content=\"Konditionen - Yoga PLUS in Sigriswil mit Martine Blaser-Monnard\" \/>\n<meta property=\"og:description\" content=\"Konditionen Yoga PLUS Kurse Lektion Eine Lektion dauert 75 Minuten. Die Lektionen finden grunds\u00e4tzlich live statt, alternativ auch online Unterricht oder Liveunterricht \u00fcber ZOOM. Kurskosten Die Rechnung erfolgt Schulquartalsweise (Anzahl Lektionen mal Lektionskosten). Pro Lektion werden CHF 25.- verrechnet.Der Betrag ist bei Beginn des neuen Quartals einzuzahlen.Die Kursteilnehmer\/in verpflichtet sich finanziell jeweils f\u00fcr ein Quartal.Das&hellip;\" \/>\n<meta property=\"og:url\" content=\"https:\/\/www.yoga-sigriswil.ch\/index.php\/konditionen\/\" \/>\n<meta property=\"og:site_name\" content=\"Yoga PLUS in Sigriswil mit Martine Blaser-Monnard\" \/>\n<meta property=\"article:modified_time\" content=\"2022-09-08T13:49:00+00:00\" \/>\n<meta name=\"twitter:card\" content=\"summary_large_image\" \/>\n<meta name=\"twitter:label1\" content=\"Gesch\u00e4tzte Lesezeit\" \/>\n\t<meta name=\"twitter:data1\" content=\"2\u00a0Minuten\" \/>\n<script type=\"application\/ld+json\" class=\"yoast-schema-graph\">{\"@context\":\"https:\\\/\\\/schema.org\",\"@graph\":[{\"@type\":\"WebPage\",\"@id\":\"https:\\\/\\\/www.yoga-sigriswil.ch\\\/index.php\\\/konditionen\\\/\",\"url\":\"https:\\\/\\\/www.yoga-sigriswil.ch\\\/index.php\\\/konditionen\\\/\",\"name\":\"Konditionen - Yoga PLUS in Sigriswil mit Martine Blaser-Monnard\",\"isPartOf\":{\"@id\":\"https:\\\/\\\/www.yoga-sigriswil.ch\\\/#website\"},\"datePublished\":\"2019-07-30T15:40:19+00:00\",\"dateModified\":\"2022-09-08T13:49:00+00:00\",\"breadcrumb\":{\"@id\":\"https:\\\/\\\/www.yoga-sigriswil.ch\\\/index.php\\\/konditionen\\\/#breadcrumb\"},\"inLanguage\":\"de\",\"potentialAction\":[{\"@type\":\"ReadAction\",\"target\":[\"https:\\\/\\\/www.yoga-sigriswil.ch\\\/index.php\\\/konditionen\\\/\"]}]},{\"@type\":\"BreadcrumbList\",\"@id\":\"https:\\\/\\\/www.yoga-sigriswil.ch\\\/index.php\\\/konditionen\\\/#breadcrumb\",\"itemListElement\":[{\"@type\":\"ListItem\",\"position\":1,\"name\":\"Startseite\",\"item\":\"https:\\\/\\\/www.yoga-sigriswil.ch\\\/\"},{\"@type\":\"ListItem\",\"position\":2,\"name\":\"Konditionen\"}]},{\"@type\":\"WebSite\",\"@id\":\"https:\\\/\\\/www.yoga-sigriswil.ch\\\/#website\",\"url\":\"https:\\\/\\\/www.yoga-sigriswil.ch\\\/\",\"name\":\"Yoga PLUS in Sigriswil mit Martine Blaser-Monnard\",\"description\":\"K\u00f6rperarbeit mit Yoga, Entspannung, Atmung, Gedanken zur pers\u00f6nlichen Entfaltung, Potenzial erkennen und nutzen\",\"potentialAction\":[{\"@type\":\"SearchAction\",\"target\":{\"@type\":\"EntryPoint\",\"urlTemplate\":\"https:\\\/\\\/www.yoga-sigriswil.ch\\\/?s={search_term_string}\"},\"query-input\":{\"@type\":\"PropertyValueSpecification\",\"valueRequired\":true,\"valueName\":\"search_term_string\"}}],\"inLanguage\":\"de\"}]}<\/script>\n<!-- \/ Yoast SEO plugin. -->","yoast_head_json":{"title":"Konditionen - Yoga PLUS in Sigriswil mit Martine Blaser-Monnard","robots":{"index":"index","follow":"follow","max-snippet":"max-snippet:-1","max-image-preview":"max-image-preview:large","max-video-preview":"max-video-preview:-1"},"canonical":"https:\/\/www.yoga-sigriswil.ch\/index.php\/konditionen\/","og_locale":"de_DE","og_type":"article","og_title":"Konditionen - Yoga PLUS in Sigriswil mit Martine Blaser-Monnard","og_description":"Konditionen Yoga PLUS Kurse Lektion Eine Lektion dauert 75 Minuten. Die Lektionen finden grunds\u00e4tzlich live statt, alternativ auch online Unterricht oder Liveunterricht \u00fcber ZOOM. Kurskosten Die Rechnung erfolgt Schulquartalsweise (Anzahl Lektionen mal Lektionskosten). Pro Lektion werden CHF 25.- verrechnet.Der Betrag ist bei Beginn des neuen Quartals einzuzahlen.Die Kursteilnehmer\/in verpflichtet sich finanziell jeweils f\u00fcr ein Quartal.Das&hellip;","og_url":"https:\/\/www.yoga-sigriswil.ch\/index.php\/konditionen\/","og_site_name":"Yoga PLUS in Sigriswil mit Martine Blaser-Monnard","article_modified_time":"2022-09-08T13:49:00+00:00","twitter_card":"summary_large_image","twitter_misc":{"Gesch\u00e4tzte Lesezeit":"2\u00a0Minuten"},"schema":{"@context":"https:\/\/schema.org","@graph":[{"@type":"WebPage","@id":"https:\/\/www.yoga-sigriswil.ch\/index.php\/konditionen\/","url":"https:\/\/www.yoga-sigriswil.ch\/index.php\/konditionen\/","name":"Konditionen - Yoga PLUS in Sigriswil mit Martine Blaser-Monnard","isPartOf":{"@id":"https:\/\/www.yoga-sigriswil.ch\/#website"},"datePublished":"2019-07-30T15:40:19+00:00","dateModified":"2022-09-08T13:49:00+00:00","breadcrumb":{"@id":"https:\/\/www.yoga-sigriswil.ch\/index.php\/konditionen\/#breadcrumb"},"inLanguage":"de","potentialAction":[{"@type":"ReadAction","target":["https:\/\/www.yoga-sigriswil.ch\/index.php\/konditionen\/"]}]},{"@type":"BreadcrumbList","@id":"https:\/\/www.yoga-sigriswil.ch\/index.php\/konditionen\/#breadcrumb","itemListElement":[{"@type":"ListItem","position":1,"name":"Startseite","item":"https:\/\/www.yoga-sigriswil.ch\/"},{"@type":"ListItem","position":2,"name":"Konditionen"}]},{"@type":"WebSite","@id":"https:\/\/www.yoga-sigriswil.ch\/#website","url":"https:\/\/www.yoga-sigriswil.ch\/","name":"Yoga PLUS in Sigriswil mit Martine Blaser-Monnard","description":"K\u00f6rperarbeit mit Yoga, Entspannung, Atmung, Gedanken zur pers\u00f6nlichen Entfaltung, Potenzial erkennen und nutzen","potentialAction":[{"@type":"SearchAction","target":{"@type":"EntryPoint","urlTemplate":"https:\/\/www.yoga-sigriswil.ch\/?s={search_term_string}"},"query-input":{"@type":"PropertyValueSpecification","valueRequired":true,"valueName":"search_term_string"}}],"inLanguage":"de"}]}},"_links":{"self":[{"href":"https:\/\/www.yoga-sigriswil.ch\/index.php\/wp-json\/wp\/v2\/pages\/101","targetHints":{"allow":["GET"]}}],"collection":[{"href":"https:\/\/www.yoga-sigriswil.ch\/index.php\/wp-json\/wp\/v2\/pages"}],"about":[{"href":"https:\/\/www.yoga-sigriswil.ch\/index.php\/wp-json\/wp\/v2\/types\/page"}],"author":[{"embeddable":true,"href":"https:\/\/www.yoga-sigriswil.ch\/index.php\/wp-json\/wp\/v2\/users\/2"}],"replies":[{"embeddable":true,"href":"https:\/\/www.yoga-sigriswil.ch\/index.php\/wp-json\/wp\/v2\/comments?post=101"}],"version-history":[{"count":15,"href":"https:\/\/www.yoga-sigriswil.ch\/index.php\/wp-json\/wp\/v2\/pages\/101\/revisions"}],"predecessor-version":[{"id":361,"href":"https:\/\/www.yoga-sigriswil.ch\/index.php\/wp-json\/wp\/v2\/pages\/101\/revisions\/361"}],"wp:attachment":[{"href":"https:\/\/www.yoga-sigriswil.ch\/index.php\/wp-json\/wp\/v2\/media?parent=101"}],"curies":[{"name":"wp","href":"https:\/\/api.w.org\/{rel}","templated":true}]}}