{"id":104,"date":"2019-07-30T15:40:27","date_gmt":"2019-07-30T15:40:27","guid":{"rendered":"https:\/\/www.yoga-sigriswil.ch\/?page_id=104"},"modified":"2022-09-08T13:30:18","modified_gmt":"2022-09-08T13:30:18","slug":"impressum","status":"publish","type":"page","link":"https:\/\/www.yoga-sigriswil.ch\/index.php\/impressum\/","title":{"rendered":"Impressum"},"content":{"rendered":"<section id=\"builder-section-text_52\" class=\"builder-section-first builder-section builder-section-text builder-section-last builder-text-columns-1\" style=\"background-size: cover; background-repeat: no-repeat; background-position: center center;\">\n<div class=\"builder-section-content\">\n<div class=\"builder-text-row\">\n<div id=\"builder-section-text_52-column-1\" class=\"builder-text-column builder-text-column-1\">\n<div class=\"builder-text-content\">\n<h2>Impressum<\/h2>\n<p>Angaben gem\u00e4ss \u00a7 5 TMG (Deutsches Telemediengesetz):<\/p>\n<p>HaPeMa Creative Coaches GmbH<br \/>\nHubelweg 3<br \/>\n3504 Niederh\u00fcnigen<\/p>\n<p><strong>Vertreten durch:<\/strong><\/p>\n<p>Hans-Peter Blaser, Gesch\u00e4ftsf\u00fchrer<br \/>\nMartine Blaser-Monnard, Gesch\u00e4ftsf\u00fchrerin<\/p>\n<p><strong>Kontakt:<\/strong><\/p>\n<p>Telefon: +41 33 533 80 26<br \/>\nE-Mail: kontakt@hapema-creativecoaches.ch<\/p>\n<p><strong>Registereintrag:<\/strong><\/p>\n<p>Eintragung im Handelsregister\u00a0des Kantons Bern<br \/>\nRegisternummer: CHE-491.720.917<\/p>\n<p><strong>Berufsbezeichnung und berufsrechtliche Regelungen<\/strong><\/p>\n<p>Berufsbezeichnungen f\u00fcr Martine Blaser-Monnard: Dipl. Yogalehrerin,\u00a0Berufsschullehrerin im Gesundheitswesen. Coach NLP<br \/>\nBerufsbezeichnung f\u00fcr Hans-Peter Blaser: Musiker<\/p>\n<p><strong>Angaben zur Berufshaftpflichtversicherung<\/strong><\/p>\n<p>Name und Sitz des Versicherers:<br \/>\nZ\u00fcrich Versicherungsgesellschaft, Mythenquai 2, 8002 Z\u00fcrich<\/p>\n<p>Geltungsraum der Versicherung: Weltweit, mit Ausnahmen von USA und Kanada<\/p>\n<p><strong>Streitschlichtung<\/strong><\/p>\n<p>Die Europ\u00e4ische Kommission stellt eine Plattform zur Online-Streitbeilegung (OS) bereit: https:\/\/ec.europa.eu\/consumers\/odr.<br \/>\nUnsere E-Mail-Adresse finden Sie oben im Impressum.<\/p>\n<p>Wir sind nicht bereit oder verpflichtet, an Streitbeilegungsverfahren vor einer Verbraucherschlichtungsstelle der EU teilzunehmen. Wir sind bereit \u00fcber eine Schweizer Schlichtungsstelle zu verhandeln:<br \/>\nSchlichtungsbeh\u00f6rde Bern-Mittelland<\/p>\n<p><strong>Haftung f\u00fcr Inhalte<\/strong><\/p>\n<p>Als Diensteanbieter sind wir gem\u00e4ss \u00a7 7 Abs.1 TMG f\u00fcr eigene Inhalte auf diesen Seiten nach den allgemeinen Gesetzen verantwortlich. Nach \u00a7\u00a7 8 bis 10 TMG sind wir als Diensteanbieter jedoch nicht verpflichtet, \u00fcbermittelte oder gespeicherte fremde Informationen zu \u00fcberwachen oder nach Umst\u00e4nden zu forschen, die auf eine rechtswidrige T\u00e4tigkeit hinweisen.<\/p>\n<p>Verpflichtungen zur Entfernung oder Sperrung der Nutzung von Informationen nach den allgemeinen Gesetzen bleiben hiervon unber\u00fchrt. Eine diesbez\u00fcgliche Haftung ist jedoch erst ab dem Zeitpunkt der Kenntnis einer konkreten Rechtsverletzung m\u00f6glich. Bei Bekanntwerden von entsprechenden Rechtsverletzungen werden wir diese Inhalte umgehend entfernen.<\/p>\n<p>(TMG = Deutsches Telemediengesetz)<\/p>\n<p><strong>Haftung f\u00fcr Links<\/strong><\/p>\n<p>Unser Angebot enth\u00e4lt Links zu externen Websites Dritter, auf deren Inhalte wir keinen Einfluss haben. Deshalb k\u00f6nnen wir f\u00fcr diese fremden Inhalte auch keine Gew\u00e4hr \u00fcbernehmen. F\u00fcr die Inhalte der verlinkten Seiten ist stets der jeweilige Anbieter oder Betreiber der Seiten verantwortlich. Die verlinkten Seiten wurden zum Zeitpunkt der Verlinkung auf m\u00f6gliche Rechtsverst\u00f6sse \u00fcberpr\u00fcft. Rechtswidrige Inhalte waren zum Zeitpunkt der Verlinkung nicht erkennbar.<\/p>\n<p>Eine permanente inhaltliche Kontrolle der verlinkten Seiten ist jedoch ohne konkrete Anhaltspunkte einer Rechtsverletzung nicht zumutbar. Bei Bekanntwerden von Rechtsverletzungen werden wir derartige Links umgehend entfernen.<\/p>\n<p><strong>Urheberrecht<\/strong><\/p>\n<p>Die durch die Seitenbetreiber erstellten Inhalte und Werke auf diesen Seiten unterliegen dem schweizerischen Urheberrecht. Die Vervielf\u00e4ltigung, Bearbeitung, Verbreitung und jede Art der Verwertung ausserhalb der Grenzen des Urheberrechtes bed\u00fcrfen der schriftlichen Zustimmung des jeweiligen Autors bzw. Erstellers. Downloads und Kopien dieser Seite sind nur f\u00fcr den privaten, nicht kommerziellen Gebrauch gestattet.<\/p>\n<p>Soweit die Inhalte auf dieser Seite nicht vom Betreiber erstellt wurden, werden die Urheberrechte Dritter beachtet. Insbesondere werden Inhalte Dritter als solche gekennzeichnet. Sollten Sie trotzdem auf eine Urheberrechtsverletzung aufmerksam werden, bitten wir um einen entsprechenden Hinweis. Bei Bekanntwerden von Rechtsverletzungen werden wir derartige Inhalte umgehend entfernen.<\/p>\n<\/div>\n<\/div>\n<\/div>\n<\/div>\n<\/section>\n","protected":false},"excerpt":{"rendered":"<p>Impressum Angaben gem\u00e4ss \u00a7 5 TMG (Deutsches Telemediengesetz): HaPeMa Creative Coaches GmbH Hubelweg 3 3504 Niederh\u00fcnigen Vertreten durch: Hans-Peter Blaser, Gesch\u00e4ftsf\u00fchrer Martine Blaser-Monnard, Gesch\u00e4ftsf\u00fchrerin Kontakt: Telefon: +41 33 533 80 26 E-Mail: kontakt@hapema-creativecoaches.ch Registereintrag: Eintragung im Handelsregister\u00a0des Kantons Bern Registernummer: CHE-491.720.917 Berufsbezeichnung und berufsrechtliche Regelungen Berufsbezeichnungen f\u00fcr Martine Blaser-Monnard: Dipl. Yogalehrerin,\u00a0Berufsschullehrerin im Gesundheitswesen. Coach NLP&hellip;<\/p>\n","protected":false},"author":2,"featured_media":0,"parent":0,"menu_order":0,"comment_status":"closed","ping_status":"closed","template":"","meta":{"footnotes":""},"class_list":["post-104","page","type-page","status-publish","hentry","description-off"],"yoast_head":"<!-- This site is optimized with the Yoast SEO plugin v27.5 - https:\/\/yoast.com\/product\/yoast-seo-wordpress\/ -->\n<title>Impressum - Yoga PLUS in Sigriswil mit Martine Blaser-Monnard<\/title>\n<meta name=\"robots\" content=\"index, follow, max-snippet:-1, max-image-preview:large, max-video-preview:-1\" \/>\n<link rel=\"canonical\" href=\"https:\/\/www.yoga-sigriswil.ch\/index.php\/impressum\/\" \/>\n<meta property=\"og:locale\" content=\"de_DE\" \/>\n<meta property=\"og:type\" content=\"article\" \/>\n<meta property=\"og:title\" content=\"Impressum - Yoga PLUS in Sigriswil mit Martine Blaser-Monnard\" \/>\n<meta property=\"og:description\" content=\"Impressum Angaben gem\u00e4ss \u00a7 5 TMG (Deutsches Telemediengesetz): HaPeMa Creative Coaches GmbH Hubelweg 3 3504 Niederh\u00fcnigen Vertreten durch: Hans-Peter Blaser, Gesch\u00e4ftsf\u00fchrer Martine Blaser-Monnard, Gesch\u00e4ftsf\u00fchrerin Kontakt: Telefon: +41 33 533 80 26 E-Mail: kontakt@hapema-creativecoaches.ch Registereintrag: Eintragung im Handelsregister\u00a0des Kantons Bern Registernummer: CHE-491.720.917 Berufsbezeichnung und berufsrechtliche Regelungen Berufsbezeichnungen f\u00fcr Martine Blaser-Monnard: Dipl. Yogalehrerin,\u00a0Berufsschullehrerin im Gesundheitswesen. Coach NLP&hellip;\" \/>\n<meta property=\"og:url\" content=\"https:\/\/www.yoga-sigriswil.ch\/index.php\/impressum\/\" \/>\n<meta property=\"og:site_name\" content=\"Yoga PLUS in Sigriswil mit Martine Blaser-Monnard\" \/>\n<meta property=\"article:modified_time\" content=\"2022-09-08T13:30:18+00:00\" \/>\n<meta name=\"twitter:card\" content=\"summary_large_image\" \/>\n<meta name=\"twitter:label1\" content=\"Gesch\u00e4tzte Lesezeit\" \/>\n\t<meta name=\"twitter:data1\" content=\"3\u00a0Minuten\" \/>\n<script type=\"application\/ld+json\" class=\"yoast-schema-graph\">{\"@context\":\"https:\\\/\\\/schema.org\",\"@graph\":[{\"@type\":\"WebPage\",\"@id\":\"https:\\\/\\\/www.yoga-sigriswil.ch\\\/index.php\\\/impressum\\\/\",\"url\":\"https:\\\/\\\/www.yoga-sigriswil.ch\\\/index.php\\\/impressum\\\/\",\"name\":\"Impressum - Yoga PLUS in Sigriswil mit Martine Blaser-Monnard\",\"isPartOf\":{\"@id\":\"https:\\\/\\\/www.yoga-sigriswil.ch\\\/#website\"},\"datePublished\":\"2019-07-30T15:40:27+00:00\",\"dateModified\":\"2022-09-08T13:30:18+00:00\",\"breadcrumb\":{\"@id\":\"https:\\\/\\\/www.yoga-sigriswil.ch\\\/index.php\\\/impressum\\\/#breadcrumb\"},\"inLanguage\":\"de\",\"potentialAction\":[{\"@type\":\"ReadAction\",\"target\":[\"https:\\\/\\\/www.yoga-sigriswil.ch\\\/index.php\\\/impressum\\\/\"]}]},{\"@type\":\"BreadcrumbList\",\"@id\":\"https:\\\/\\\/www.yoga-sigriswil.ch\\\/index.php\\\/impressum\\\/#breadcrumb\",\"itemListElement\":[{\"@type\":\"ListItem\",\"position\":1,\"name\":\"Startseite\",\"item\":\"https:\\\/\\\/www.yoga-sigriswil.ch\\\/\"},{\"@type\":\"ListItem\",\"position\":2,\"name\":\"Impressum\"}]},{\"@type\":\"WebSite\",\"@id\":\"https:\\\/\\\/www.yoga-sigriswil.ch\\\/#website\",\"url\":\"https:\\\/\\\/www.yoga-sigriswil.ch\\\/\",\"name\":\"Yoga PLUS in Sigriswil mit Martine Blaser-Monnard\",\"description\":\"K\u00f6rperarbeit mit Yoga, Entspannung, Atmung, Gedanken zur pers\u00f6nlichen Entfaltung, Potenzial erkennen und nutzen\",\"potentialAction\":[{\"@type\":\"SearchAction\",\"target\":{\"@type\":\"EntryPoint\",\"urlTemplate\":\"https:\\\/\\\/www.yoga-sigriswil.ch\\\/?s={search_term_string}\"},\"query-input\":{\"@type\":\"PropertyValueSpecification\",\"valueRequired\":true,\"valueName\":\"search_term_string\"}}],\"inLanguage\":\"de\"}]}<\/script>\n<!-- \/ Yoast SEO plugin. -->","yoast_head_json":{"title":"Impressum - Yoga PLUS in Sigriswil mit Martine Blaser-Monnard","robots":{"index":"index","follow":"follow","max-snippet":"max-snippet:-1","max-image-preview":"max-image-preview:large","max-video-preview":"max-video-preview:-1"},"canonical":"https:\/\/www.yoga-sigriswil.ch\/index.php\/impressum\/","og_locale":"de_DE","og_type":"article","og_title":"Impressum - Yoga PLUS in Sigriswil mit Martine Blaser-Monnard","og_description":"Impressum Angaben gem\u00e4ss \u00a7 5 TMG (Deutsches Telemediengesetz): HaPeMa Creative Coaches GmbH Hubelweg 3 3504 Niederh\u00fcnigen Vertreten durch: Hans-Peter Blaser, Gesch\u00e4ftsf\u00fchrer Martine Blaser-Monnard, Gesch\u00e4ftsf\u00fchrerin Kontakt: Telefon: +41 33 533 80 26 E-Mail: kontakt@hapema-creativecoaches.ch Registereintrag: Eintragung im Handelsregister\u00a0des Kantons Bern Registernummer: CHE-491.720.917 Berufsbezeichnung und berufsrechtliche Regelungen Berufsbezeichnungen f\u00fcr Martine Blaser-Monnard: Dipl. Yogalehrerin,\u00a0Berufsschullehrerin im Gesundheitswesen. Coach NLP&hellip;","og_url":"https:\/\/www.yoga-sigriswil.ch\/index.php\/impressum\/","og_site_name":"Yoga PLUS in Sigriswil mit Martine Blaser-Monnard","article_modified_time":"2022-09-08T13:30:18+00:00","twitter_card":"summary_large_image","twitter_misc":{"Gesch\u00e4tzte Lesezeit":"3\u00a0Minuten"},"schema":{"@context":"https:\/\/schema.org","@graph":[{"@type":"WebPage","@id":"https:\/\/www.yoga-sigriswil.ch\/index.php\/impressum\/","url":"https:\/\/www.yoga-sigriswil.ch\/index.php\/impressum\/","name":"Impressum - Yoga PLUS in Sigriswil mit Martine Blaser-Monnard","isPartOf":{"@id":"https:\/\/www.yoga-sigriswil.ch\/#website"},"datePublished":"2019-07-30T15:40:27+00:00","dateModified":"2022-09-08T13:30:18+00:00","breadcrumb":{"@id":"https:\/\/www.yoga-sigriswil.ch\/index.php\/impressum\/#breadcrumb"},"inLanguage":"de","potentialAction":[{"@type":"ReadAction","target":["https:\/\/www.yoga-sigriswil.ch\/index.php\/impressum\/"]}]},{"@type":"BreadcrumbList","@id":"https:\/\/www.yoga-sigriswil.ch\/index.php\/impressum\/#breadcrumb","itemListElement":[{"@type":"ListItem","position":1,"name":"Startseite","item":"https:\/\/www.yoga-sigriswil.ch\/"},{"@type":"ListItem","position":2,"name":"Impressum"}]},{"@type":"WebSite","@id":"https:\/\/www.yoga-sigriswil.ch\/#website","url":"https:\/\/www.yoga-sigriswil.ch\/","name":"Yoga PLUS in Sigriswil mit Martine Blaser-Monnard","description":"K\u00f6rperarbeit mit Yoga, Entspannung, Atmung, Gedanken zur pers\u00f6nlichen Entfaltung, Potenzial erkennen und nutzen","potentialAction":[{"@type":"SearchAction","target":{"@type":"EntryPoint","urlTemplate":"https:\/\/www.yoga-sigriswil.ch\/?s={search_term_string}"},"query-input":{"@type":"PropertyValueSpecification","valueRequired":true,"valueName":"search_term_string"}}],"inLanguage":"de"}]}},"_links":{"self":[{"href":"https:\/\/www.yoga-sigriswil.ch\/index.php\/wp-json\/wp\/v2\/pages\/104","targetHints":{"allow":["GET"]}}],"collection":[{"href":"https:\/\/www.yoga-sigriswil.ch\/index.php\/wp-json\/wp\/v2\/pages"}],"about":[{"href":"https:\/\/www.yoga-sigriswil.ch\/index.php\/wp-json\/wp\/v2\/types\/page"}],"author":[{"embeddable":true,"href":"https:\/\/www.yoga-sigriswil.ch\/index.php\/wp-json\/wp\/v2\/users\/2"}],"replies":[{"embeddable":true,"href":"https:\/\/www.yoga-sigriswil.ch\/index.php\/wp-json\/wp\/v2\/comments?post=104"}],"version-history":[{"count":6,"href":"https:\/\/www.yoga-sigriswil.ch\/index.php\/wp-json\/wp\/v2\/pages\/104\/revisions"}],"predecessor-version":[{"id":351,"href":"https:\/\/www.yoga-sigriswil.ch\/index.php\/wp-json\/wp\/v2\/pages\/104\/revisions\/351"}],"wp:attachment":[{"href":"https:\/\/www.yoga-sigriswil.ch\/index.php\/wp-json\/wp\/v2\/media?parent=104"}],"curies":[{"name":"wp","href":"https:\/\/api.w.org\/{rel}","templated":true}]}}