{"id":92,"date":"2019-07-30T15:39:44","date_gmt":"2019-07-30T15:39:44","guid":{"rendered":"https:\/\/www.yoga-sigriswil.ch\/?page_id=92"},"modified":"2022-09-08T13:27:35","modified_gmt":"2022-09-08T13:27:35","slug":"martine-blaser-monnard","status":"publish","type":"page","link":"https:\/\/www.yoga-sigriswil.ch\/index.php\/martine-blaser-monnard\/","title":{"rendered":"Martine Blaser-Monnard"},"content":{"rendered":"\t\t<div data-elementor-type=\"wp-page\" data-elementor-id=\"92\" class=\"elementor elementor-92\">\n\t\t\t\t\t\t<section class=\"elementor-section elementor-top-section elementor-element elementor-element-3fc4995 elementor-section-boxed elementor-section-height-default elementor-section-height-default\" data-id=\"3fc4995\" data-element_type=\"section\" data-e-type=\"section\">\n\t\t\t\t\t\t<div class=\"elementor-container elementor-column-gap-default\">\n\t\t\t\t\t<div class=\"elementor-column elementor-col-100 elementor-top-column elementor-element elementor-element-e358d8e\" data-id=\"e358d8e\" data-element_type=\"column\" data-e-type=\"column\">\n\t\t\t<div class=\"elementor-widget-wrap elementor-element-populated\">\n\t\t\t\t\t\t<div class=\"elementor-element elementor-element-0c6c8fd elementor-widget elementor-widget-text-editor\" data-id=\"0c6c8fd\" data-element_type=\"widget\" data-e-type=\"widget\" data-widget_type=\"text-editor.default\">\n\t\t\t\t<div class=\"elementor-widget-container\">\n\t\t\t\t\t\t\t\t\t<h2>Martine Blaser-Monnard<\/h2>\t\t\t\t\t\t\t\t<\/div>\n\t\t\t\t<\/div>\n\t\t\t\t\t<\/div>\n\t\t<\/div>\n\t\t\t\t\t<\/div>\n\t\t<\/section>\n\t\t\t\t<section class=\"elementor-section elementor-top-section elementor-element elementor-element-93b5b68 elementor-section-boxed elementor-section-height-default elementor-section-height-default\" data-id=\"93b5b68\" data-element_type=\"section\" data-e-type=\"section\">\n\t\t\t\t\t\t<div class=\"elementor-container elementor-column-gap-default\">\n\t\t\t\t\t<div class=\"elementor-column elementor-col-50 elementor-top-column elementor-element elementor-element-755d51b\" data-id=\"755d51b\" data-element_type=\"column\" data-e-type=\"column\">\n\t\t\t<div class=\"elementor-widget-wrap elementor-element-populated\">\n\t\t\t\t\t\t<div class=\"elementor-element elementor-element-ec7b99b elementor-widget elementor-widget-image\" data-id=\"ec7b99b\" data-element_type=\"widget\" data-e-type=\"widget\" data-widget_type=\"image.default\">\n\t\t\t\t<div class=\"elementor-widget-container\">\n\t\t\t\t\t\t\t\t\t\t\t\t\t\t\t<img decoding=\"async\" src=\"https:\/\/www.yoga-sigriswil.ch\/wp-content\/uploads\/elementor\/thumbs\/MartineBlaserMonnard-pugntby3fi13cxoqr9v56qwo9mmge2cvkc83exluvc.jpg\" title=\"Martine Blaser-Monnard\" alt=\"Martine Blaser-Monnard\" loading=\"lazy\" \/>\t\t\t\t\t\t\t\t\t\t\t\t\t\t\t<\/div>\n\t\t\t\t<\/div>\n\t\t\t\t\t<\/div>\n\t\t<\/div>\n\t\t\t\t<div class=\"elementor-column elementor-col-50 elementor-top-column elementor-element elementor-element-2957f51\" data-id=\"2957f51\" data-element_type=\"column\" data-e-type=\"column\">\n\t\t\t<div class=\"elementor-widget-wrap elementor-element-populated\">\n\t\t\t\t\t\t<div class=\"elementor-element elementor-element-8a288c2 elementor-widget elementor-widget-text-editor\" data-id=\"8a288c2\" data-element_type=\"widget\" data-e-type=\"widget\" data-widget_type=\"text-editor.default\">\n\t\t\t\t<div class=\"elementor-widget-container\">\n\t\t\t\t\t\t\t\t\t<ul><li>dipl. Yogalehrerin<\/li><li>Berufsschullehrerin im Gesundheitswesen<\/li><li>Coach NLP (Neurolinguistisches Programmieren)<\/li><li>Reiki \u2013 Meisterin<\/li><li>Meditations-Kursleiterin<\/li><li>Kursleiterin f\u00fcr Yoga Nidra und Tiefenentspannung<\/li><li>Ich bin Erwachsenenbildnerin mit den Schwerpunkten:<ul><li>Yogaunterricht in Gruppen und Einzellektionen<\/li><li>Yoga-Therapie in Einzelsitzungen<\/li><li>Weitere Energie ausgleichende Methoden<\/li><li>Personalcoaching (Lebensberatung) in Einzelsitzungen<\/li><li>Coaching und Supervision f\u00fcr Menschen in belastenden Berufs- und Alltagssituationen<\/li><li>Reiki<\/li><\/ul><\/li><\/ul>\t\t\t\t\t\t\t\t<\/div>\n\t\t\t\t<\/div>\n\t\t\t\t\t<\/div>\n\t\t<\/div>\n\t\t\t\t\t<\/div>\n\t\t<\/section>\n\t\t\t\t<section class=\"elementor-section elementor-top-section elementor-element elementor-element-4e8ddad elementor-section-boxed elementor-section-height-default elementor-section-height-default\" data-id=\"4e8ddad\" data-element_type=\"section\" data-e-type=\"section\">\n\t\t\t\t\t\t<div class=\"elementor-container elementor-column-gap-default\">\n\t\t\t\t\t<div class=\"elementor-column elementor-col-100 elementor-top-column elementor-element elementor-element-902a13b\" data-id=\"902a13b\" data-element_type=\"column\" data-e-type=\"column\">\n\t\t\t<div class=\"elementor-widget-wrap elementor-element-populated\">\n\t\t\t\t\t\t<div class=\"elementor-element elementor-element-16f4c0a6 elementor-widget elementor-widget-text-editor\" data-id=\"16f4c0a6\" data-element_type=\"widget\" data-e-type=\"widget\" data-widget_type=\"text-editor.default\">\n\t\t\t\t<div class=\"elementor-widget-container\">\n\t\t\t\t\t\t\t\t\t<div>Seit 1990 arbeite ich als freiberufliche Yogalehrerin, psychologische Beraterin und Seminarleiterin. Mit Wissen und Intuition begleite ich sie in einem Prozess der Problem- und Konfliktl\u00f6sung, des Lernens, des Enfaltens und des Erkennens von F\u00e4higkeiten. In der Selbst- und Sinnfindung nehmen sie ihre Balance wahr, erkennen Ihre Ressourcen und k\u00f6nnen ihr Potential entfalten.<\/div><div>Kursthemen und -Angebote<\/div><div>Kurse und Workshops zu folgenden Themen habe ich in der Vergangenheit erteilt:<\/div><ul><li>Yoga PLUS: Yoga: Gezielt ausgew\u00e4hlte K\u00f6rper-, Atem- und Entspannungs\u00fcbungen ausgef\u00fchrt mit Achtsamkeit und Konzentration f\u00f6rdern und erhalten die Gesundheit und das Wohlbefinden.\u2028Plus: Ein quartalsweise wechselndes Thema f\u00fchrt zu einer bewussten Auseinandersetzung und Begegnung mit sich selbst.<\/li><li>NLP und positiv Denken<\/li><li>Umgang und Kommunikation<\/li><li>Teambildung<\/li><li>Konfliktl\u00f6sungsprozesse am Arbeitsplatz<\/li><li>R\u00fcckbildungskurs<\/li><li>Beckenboden Training<\/li><li>Weibliche Urenergien \/ verschiedene Archetypen<\/li><li>Begegnung mit dem inneren Kind<\/li><\/ul>\t\t\t\t\t\t\t\t<\/div>\n\t\t\t\t<\/div>\n\t\t\t\t\t<\/div>\n\t\t<\/div>\n\t\t\t\t\t<\/div>\n\t\t<\/section>\n\t\t\t\t<\/div>\n\t\t","protected":false},"excerpt":{"rendered":"<p>Martine Blaser-Monnard dipl. Yogalehrerin Berufsschullehrerin im Gesundheitswesen Coach NLP (Neurolinguistisches Programmieren) Reiki \u2013 Meisterin Meditations-Kursleiterin Kursleiterin f\u00fcr Yoga Nidra und Tiefenentspannung Ich bin Erwachsenenbildnerin mit den Schwerpunkten: Yogaunterricht in Gruppen und Einzellektionen Yoga-Therapie in Einzelsitzungen Weitere Energie ausgleichende Methoden Personalcoaching (Lebensberatung) in Einzelsitzungen Coaching und Supervision f\u00fcr Menschen in belastenden Berufs- und Alltagssituationen Reiki Seit&hellip;<\/p>\n","protected":false},"author":2,"featured_media":0,"parent":0,"menu_order":0,"comment_status":"closed","ping_status":"closed","template":"","meta":{"footnotes":""},"class_list":["post-92","page","type-page","status-publish","hentry"],"yoast_head":"<!-- This site is optimized with the Yoast SEO plugin v27.5 - https:\/\/yoast.com\/product\/yoast-seo-wordpress\/ -->\n<title>Martine Blaser-Monnard - Yoga PLUS in Sigriswil mit Martine Blaser-Monnard<\/title>\n<meta name=\"robots\" content=\"index, follow, max-snippet:-1, max-image-preview:large, max-video-preview:-1\" \/>\n<link rel=\"canonical\" href=\"https:\/\/www.yoga-sigriswil.ch\/index.php\/martine-blaser-monnard\/\" \/>\n<meta property=\"og:locale\" content=\"de_DE\" \/>\n<meta property=\"og:type\" content=\"article\" \/>\n<meta property=\"og:title\" content=\"Martine Blaser-Monnard - Yoga PLUS in Sigriswil mit Martine Blaser-Monnard\" \/>\n<meta property=\"og:description\" content=\"Martine Blaser-Monnard dipl. Yogalehrerin Berufsschullehrerin im Gesundheitswesen Coach NLP (Neurolinguistisches Programmieren) Reiki \u2013 Meisterin Meditations-Kursleiterin Kursleiterin f\u00fcr Yoga Nidra und Tiefenentspannung Ich bin Erwachsenenbildnerin mit den Schwerpunkten: Yogaunterricht in Gruppen und Einzellektionen Yoga-Therapie in Einzelsitzungen Weitere Energie ausgleichende Methoden Personalcoaching (Lebensberatung) in Einzelsitzungen Coaching und Supervision f\u00fcr Menschen in belastenden Berufs- und Alltagssituationen Reiki Seit&hellip;\" \/>\n<meta property=\"og:url\" content=\"https:\/\/www.yoga-sigriswil.ch\/index.php\/martine-blaser-monnard\/\" \/>\n<meta property=\"og:site_name\" content=\"Yoga PLUS in Sigriswil mit Martine Blaser-Monnard\" \/>\n<meta property=\"article:modified_time\" content=\"2022-09-08T13:27:35+00:00\" \/>\n<meta property=\"og:image\" content=\"https:\/\/www.yoga-sigriswil.ch\/wp-content\/uploads\/elementor\/thumbs\/MartineBlaserMonnard-pugntby3fi13cxoqr9v56qwo9mmge2cvkc83exluvc.jpg\" \/>\n<meta name=\"twitter:card\" content=\"summary_large_image\" \/>\n<meta name=\"twitter:label1\" content=\"Gesch\u00e4tzte Lesezeit\" \/>\n\t<meta name=\"twitter:data1\" content=\"2\u00a0Minuten\" \/>\n<script type=\"application\/ld+json\" class=\"yoast-schema-graph\">{\"@context\":\"https:\\\/\\\/schema.org\",\"@graph\":[{\"@type\":\"WebPage\",\"@id\":\"https:\\\/\\\/www.yoga-sigriswil.ch\\\/index.php\\\/martine-blaser-monnard\\\/\",\"url\":\"https:\\\/\\\/www.yoga-sigriswil.ch\\\/index.php\\\/martine-blaser-monnard\\\/\",\"name\":\"Martine Blaser-Monnard - Yoga PLUS in Sigriswil mit Martine Blaser-Monnard\",\"isPartOf\":{\"@id\":\"https:\\\/\\\/www.yoga-sigriswil.ch\\\/#website\"},\"primaryImageOfPage\":{\"@id\":\"https:\\\/\\\/www.yoga-sigriswil.ch\\\/index.php\\\/martine-blaser-monnard\\\/#primaryimage\"},\"image\":{\"@id\":\"https:\\\/\\\/www.yoga-sigriswil.ch\\\/index.php\\\/martine-blaser-monnard\\\/#primaryimage\"},\"thumbnailUrl\":\"https:\\\/\\\/www.yoga-sigriswil.ch\\\/wp-content\\\/uploads\\\/elementor\\\/thumbs\\\/MartineBlaserMonnard-pugntby3fi13cxoqr9v56qwo9mmge2cvkc83exluvc.jpg\",\"datePublished\":\"2019-07-30T15:39:44+00:00\",\"dateModified\":\"2022-09-08T13:27:35+00:00\",\"breadcrumb\":{\"@id\":\"https:\\\/\\\/www.yoga-sigriswil.ch\\\/index.php\\\/martine-blaser-monnard\\\/#breadcrumb\"},\"inLanguage\":\"de\",\"potentialAction\":[{\"@type\":\"ReadAction\",\"target\":[\"https:\\\/\\\/www.yoga-sigriswil.ch\\\/index.php\\\/martine-blaser-monnard\\\/\"]}]},{\"@type\":\"ImageObject\",\"inLanguage\":\"de\",\"@id\":\"https:\\\/\\\/www.yoga-sigriswil.ch\\\/index.php\\\/martine-blaser-monnard\\\/#primaryimage\",\"url\":\"https:\\\/\\\/www.yoga-sigriswil.ch\\\/wp-content\\\/uploads\\\/elementor\\\/thumbs\\\/MartineBlaserMonnard-pugntby3fi13cxoqr9v56qwo9mmge2cvkc83exluvc.jpg\",\"contentUrl\":\"https:\\\/\\\/www.yoga-sigriswil.ch\\\/wp-content\\\/uploads\\\/elementor\\\/thumbs\\\/MartineBlaserMonnard-pugntby3fi13cxoqr9v56qwo9mmge2cvkc83exluvc.jpg\"},{\"@type\":\"BreadcrumbList\",\"@id\":\"https:\\\/\\\/www.yoga-sigriswil.ch\\\/index.php\\\/martine-blaser-monnard\\\/#breadcrumb\",\"itemListElement\":[{\"@type\":\"ListItem\",\"position\":1,\"name\":\"Startseite\",\"item\":\"https:\\\/\\\/www.yoga-sigriswil.ch\\\/\"},{\"@type\":\"ListItem\",\"position\":2,\"name\":\"Martine Blaser-Monnard\"}]},{\"@type\":\"WebSite\",\"@id\":\"https:\\\/\\\/www.yoga-sigriswil.ch\\\/#website\",\"url\":\"https:\\\/\\\/www.yoga-sigriswil.ch\\\/\",\"name\":\"Yoga PLUS in Sigriswil mit Martine Blaser-Monnard\",\"description\":\"K\u00f6rperarbeit mit Yoga, Entspannung, Atmung, Gedanken zur pers\u00f6nlichen Entfaltung, Potenzial erkennen und nutzen\",\"potentialAction\":[{\"@type\":\"SearchAction\",\"target\":{\"@type\":\"EntryPoint\",\"urlTemplate\":\"https:\\\/\\\/www.yoga-sigriswil.ch\\\/?s={search_term_string}\"},\"query-input\":{\"@type\":\"PropertyValueSpecification\",\"valueRequired\":true,\"valueName\":\"search_term_string\"}}],\"inLanguage\":\"de\"}]}<\/script>\n<!-- \/ Yoast SEO plugin. -->","yoast_head_json":{"title":"Martine Blaser-Monnard - Yoga PLUS in Sigriswil mit Martine Blaser-Monnard","robots":{"index":"index","follow":"follow","max-snippet":"max-snippet:-1","max-image-preview":"max-image-preview:large","max-video-preview":"max-video-preview:-1"},"canonical":"https:\/\/www.yoga-sigriswil.ch\/index.php\/martine-blaser-monnard\/","og_locale":"de_DE","og_type":"article","og_title":"Martine Blaser-Monnard - Yoga PLUS in Sigriswil mit Martine Blaser-Monnard","og_description":"Martine Blaser-Monnard dipl. Yogalehrerin Berufsschullehrerin im Gesundheitswesen Coach NLP (Neurolinguistisches Programmieren) Reiki \u2013 Meisterin Meditations-Kursleiterin Kursleiterin f\u00fcr Yoga Nidra und Tiefenentspannung Ich bin Erwachsenenbildnerin mit den Schwerpunkten: Yogaunterricht in Gruppen und Einzellektionen Yoga-Therapie in Einzelsitzungen Weitere Energie ausgleichende Methoden Personalcoaching (Lebensberatung) in Einzelsitzungen Coaching und Supervision f\u00fcr Menschen in belastenden Berufs- und Alltagssituationen Reiki Seit&hellip;","og_url":"https:\/\/www.yoga-sigriswil.ch\/index.php\/martine-blaser-monnard\/","og_site_name":"Yoga PLUS in Sigriswil mit Martine Blaser-Monnard","article_modified_time":"2022-09-08T13:27:35+00:00","og_image":[{"url":"https:\/\/www.yoga-sigriswil.ch\/wp-content\/uploads\/elementor\/thumbs\/MartineBlaserMonnard-pugntby3fi13cxoqr9v56qwo9mmge2cvkc83exluvc.jpg","type":"","width":"","height":""}],"twitter_card":"summary_large_image","twitter_misc":{"Gesch\u00e4tzte Lesezeit":"2\u00a0Minuten"},"schema":{"@context":"https:\/\/schema.org","@graph":[{"@type":"WebPage","@id":"https:\/\/www.yoga-sigriswil.ch\/index.php\/martine-blaser-monnard\/","url":"https:\/\/www.yoga-sigriswil.ch\/index.php\/martine-blaser-monnard\/","name":"Martine Blaser-Monnard - Yoga PLUS in Sigriswil mit Martine Blaser-Monnard","isPartOf":{"@id":"https:\/\/www.yoga-sigriswil.ch\/#website"},"primaryImageOfPage":{"@id":"https:\/\/www.yoga-sigriswil.ch\/index.php\/martine-blaser-monnard\/#primaryimage"},"image":{"@id":"https:\/\/www.yoga-sigriswil.ch\/index.php\/martine-blaser-monnard\/#primaryimage"},"thumbnailUrl":"https:\/\/www.yoga-sigriswil.ch\/wp-content\/uploads\/elementor\/thumbs\/MartineBlaserMonnard-pugntby3fi13cxoqr9v56qwo9mmge2cvkc83exluvc.jpg","datePublished":"2019-07-30T15:39:44+00:00","dateModified":"2022-09-08T13:27:35+00:00","breadcrumb":{"@id":"https:\/\/www.yoga-sigriswil.ch\/index.php\/martine-blaser-monnard\/#breadcrumb"},"inLanguage":"de","potentialAction":[{"@type":"ReadAction","target":["https:\/\/www.yoga-sigriswil.ch\/index.php\/martine-blaser-monnard\/"]}]},{"@type":"ImageObject","inLanguage":"de","@id":"https:\/\/www.yoga-sigriswil.ch\/index.php\/martine-blaser-monnard\/#primaryimage","url":"https:\/\/www.yoga-sigriswil.ch\/wp-content\/uploads\/elementor\/thumbs\/MartineBlaserMonnard-pugntby3fi13cxoqr9v56qwo9mmge2cvkc83exluvc.jpg","contentUrl":"https:\/\/www.yoga-sigriswil.ch\/wp-content\/uploads\/elementor\/thumbs\/MartineBlaserMonnard-pugntby3fi13cxoqr9v56qwo9mmge2cvkc83exluvc.jpg"},{"@type":"BreadcrumbList","@id":"https:\/\/www.yoga-sigriswil.ch\/index.php\/martine-blaser-monnard\/#breadcrumb","itemListElement":[{"@type":"ListItem","position":1,"name":"Startseite","item":"https:\/\/www.yoga-sigriswil.ch\/"},{"@type":"ListItem","position":2,"name":"Martine Blaser-Monnard"}]},{"@type":"WebSite","@id":"https:\/\/www.yoga-sigriswil.ch\/#website","url":"https:\/\/www.yoga-sigriswil.ch\/","name":"Yoga PLUS in Sigriswil mit Martine Blaser-Monnard","description":"K\u00f6rperarbeit mit Yoga, Entspannung, Atmung, Gedanken zur pers\u00f6nlichen Entfaltung, Potenzial erkennen und nutzen","potentialAction":[{"@type":"SearchAction","target":{"@type":"EntryPoint","urlTemplate":"https:\/\/www.yoga-sigriswil.ch\/?s={search_term_string}"},"query-input":{"@type":"PropertyValueSpecification","valueRequired":true,"valueName":"search_term_string"}}],"inLanguage":"de"}]}},"_links":{"self":[{"href":"https:\/\/www.yoga-sigriswil.ch\/index.php\/wp-json\/wp\/v2\/pages\/92","targetHints":{"allow":["GET"]}}],"collection":[{"href":"https:\/\/www.yoga-sigriswil.ch\/index.php\/wp-json\/wp\/v2\/pages"}],"about":[{"href":"https:\/\/www.yoga-sigriswil.ch\/index.php\/wp-json\/wp\/v2\/types\/page"}],"author":[{"embeddable":true,"href":"https:\/\/www.yoga-sigriswil.ch\/index.php\/wp-json\/wp\/v2\/users\/2"}],"replies":[{"embeddable":true,"href":"https:\/\/www.yoga-sigriswil.ch\/index.php\/wp-json\/wp\/v2\/comments?post=92"}],"version-history":[{"count":25,"href":"https:\/\/www.yoga-sigriswil.ch\/index.php\/wp-json\/wp\/v2\/pages\/92\/revisions"}],"predecessor-version":[{"id":347,"href":"https:\/\/www.yoga-sigriswil.ch\/index.php\/wp-json\/wp\/v2\/pages\/92\/revisions\/347"}],"wp:attachment":[{"href":"https:\/\/www.yoga-sigriswil.ch\/index.php\/wp-json\/wp\/v2\/media?parent=92"}],"curies":[{"name":"wp","href":"https:\/\/api.w.org\/{rel}","templated":true}]}}